-4*t**2 - 41*t + 38. Let u be a(-15). Suppose q = -0*q - 153. Let z = q - u. Is z a prime number?
False
Let u(w) = -2*w + 34. Suppose 3*x = -0*x + 4*c + 49, -2*c - 32 = -2*x. Let g be u(x). Is 0 + 1*1004/g composite?
False
Suppose -67*q = -5*g - 68*q + 16016, -g = 2*q - 3205. Is g prime?
True
Is ((-16)/(-64))/((5/4)/(-5)) + 174632 a composite number?
False
Suppose -2*k + 18 = 4*b, -b + 31 = 5*k + 2*b. Suppose -k*w + 16 = -4. Suppose -4*x + 1272 = -4*g, 3*x + 0*g = w*g + 955. Is x prime?
True
Let a be (-4)/14 - (-17877)/21. Suppose 0 = 3*j - 2*b - a, j = -0*b - 4*b + 265. Let o = j - -216. Is o a composite number?
True
Let m = -14916 + 28223. Is m prime?
False
Let g be 55/(-22)*((-12)/15)/1. Suppose u - 2*q - 13 = 0, -2*q - g = u - 3. Is u prime?
True
Suppose -2*m = b - 4167, 4152 = 2*m + 4*b - 0*b. Let o = m + -843. Is o composite?
True
Suppose 1847210 = 35*l - 945825. Is l prime?
True
Let u = 1744440 + -1014913. Is u a composite number?
False
Is (-33)/15*((-903903)/13 + -4) + 6 a composite number?
True
Let y(s) = 9771*s - 7126. Is y(79) a prime number?
True
Let g = -339 - -339. Suppose g = 22*v + 149 - 2943. Is v composite?
False
Let j be -6157 + (-13 - (5 + -11)). Let u = j - -10543. Is u a composite number?
True
Suppose -2*q = -3*q + 7. Is q/21 - (-5260)/6 composite?
False
Let u = -20303 + 5343. Is (u - 11)/(-5 - -4) prime?
False
Let m(b) = 13923*b**2 + 67*b + 231. Is m(-4) prime?
True
Is 0 + 47331 - (-200)/(20 - 45) composite?
True
Let u = 36 - 29. Suppose 5*g = -p, p + u*g = 3*g. Suppose 5*s + p*b = 4*b + 1769, 1060 = 3*s - b. Is s composite?
False
Suppose 0 = 3*g - 5*x - 581652, -5*g = -5*x + 418443 - 1387873. Is g prime?
False
Let d(f) = 2*f**2 - 58*f - 101. Is d(-37) composite?
False
Suppose 0 = 8*x + 56443 - 240603. Let v = 40441 - x. Is v composite?
True
Suppose 45*r = 2477172 - 603417. Is r a composite number?
True
Suppose 1182*z - 1178*z - 3*s - 3897517 = 0, 0 = 3*z + s - 2923154. Is z a composite number?
False
Suppose 6*d + 238585 - 369216 - 296107 = 0. Is d prime?
False
Let l be (-10 - -8)*-1*7. Let g = 16 - l. Suppose -9*v - g*v + 2893 = 0. Is v prime?
True
Suppose -5*p - 5*l = -7540, 0*p - 4*p = l - 6020. Suppose -2*a = 3*w + 1843, w - 3*a + 37 = -559. Let t = w + p. Is t a composite number?
True
Suppose 5*u + 50789 = 257844. Let z = u + -26925. Is z composite?
True
Let s(w) = 5205*w + 5. Let h be s(-1). Let z = 7429 + h. Suppose -5*m = -l + 2*l - 3727, 3*m = 3*l + z. Is m a prime number?
False
Let y = 7 + -16. Let p(h) be the second derivative of -155*h**3/6 + 2*h**2 - 1991*h. Is p(y) composite?
False
Is (12 + 144/(-16))*33503/3 a prime number?
True
Let u(s) = 2*s**3 + 18*s**2 + 12*s - 12. Let r be u(-13). Let d = -777 - r. Is d prime?
True
Let h(v) = -2*v**3 - 36*v**2 - 10*v + 62. Is h(-24) prime?
False
Let n(v) = -3*v + 29. Let q be n(9). Suppose 3*p + 4793 = 5*r, -r = -3*r - q*p + 1914. Is r a prime number?
False
Let f be 34/(-8) + 2/8 + -11. Is (-9)/f - (-8524)/10 composite?
False
Let f(r) be the second derivative of 0 + 17/4*r**4 + 0*r**2 + 0*r**3 + 3*r. Is f(1) a composite number?
True
Suppose -q + 375 = -4*u, -q + 218 = 3*u - 192. Let t = 522 - q. Is t a prime number?
True
Let f = -54425 + 121822. Is (-12)/9 - f/(-33) a prime number?
False
Let l be 783/5 - 2/(-5). Suppose -3868*h = -3864*h - 2600. Let k = h - l. Is k composite?
True
Let z(u) = 2*u**3 - 9*u**2 + 5*u - 2. Let h be z(7). Let d(i) = -i**2 + 17*i - 31. Let t be d(16). Let r = h + t. Is r a prime number?
True
Let d = 1502514 - 900247. Is d a composite number?
False
Let k(h) = -5*h - 5*h**2 + 5*h - h**2 - 17*h. Let j be k(7). Is -1*2/(2/j) composite?
True
Let l be 18/8 - 4/16. Suppose -y + 9 = l*y. Suppose 0 = -w + 2*o + 379, -4*w + 880 = -y*o - 621. Is w prime?
True
Is (-62538)/(-6) - -2 - -2 prime?
True
Suppose 322 = -3*g + n + 74, 0 = -g - 3*n - 66. Let a = -72 - g. Let t(c) = -c**3 + 12*c**2 - 12*c + 8. Is t(a) a prime number?
False
Let t(a) = -a**3 - 60*a**2 + 227*a + 79. Is t(-65) composite?
False
Let t(n) = 2*n**2 - 23*n - 8. Let y be t(12). Let s be (8/y)/((-4)/(-6)). Let i(g) = 279*g + 1. Is i(s) a prime number?
False
Suppose 0 = 2*y + y + 9. Let i be 8 - (y + 10/2 + 1). Suppose -i*u + 2637 = -2*u. Is u a prime number?
False
Suppose 5 = 2*r + 9, 2116060 = 5*x - 5*r. Suppose -138*h + 148*h = x. Is h composite?
True
Suppose -4*k = 2*c - 242, 228 = 21*c - 19*c - 3*k. Suppose -5 = 5*l, w + 2*l - c - 262 = 0. Is w prime?
False
Suppose 114010 = h - 193832 + 93971. Is h a composite number?
True
Let c = -64 - -30. Let d(w) = -26*w - 323. Let b be d(-31). Let j = b + c. Is j a prime number?
True
Suppose 0 = 4*o - 3*c - 8137 - 4626, -2*o + 2*c = -6380. Let y = o + -504. Suppose 10*a - 6201 = y. Is a composite?
True
Let t(c) = 4974*c + 6*c**2 - 13 + 4981*c - 9988*c. Suppose 0 = y - 7 - 3. Is t(y) a composite number?
False
Suppose 23*n - 19*n - 72768 = 0. Let b = 29779 - n. Is b composite?
False
Is (-20)/((-80)/383332) - (1 + 1) a prime number?
False
Suppose 5*o = -3*p + 4669, -17*p + 13*p = -o - 6164. Is p a composite number?
False
Suppose -k + 4*k - 12 = 0. Suppose k*i - 10*i = -36282. Is i prime?
True
Suppose 4*i + 0*i - 5*j = 62, 3*j = i - 12. Suppose -433 = -5*z - i. Is z a prime number?
True
Let f = -52217 - -183144. Is f a composite number?
False
Let p(h) = -3*h - 38. Let k be p(-9). Let a = k - -14. Suppose -a*w + 0*z + 2*z = -2727, -3*z - 2724 = -3*w. Is w a composite number?
False
Let x(p) = 192*p + 7. Let w(l) = 24 + 3 + 135*l + 634*l. Let h(j) = 2*w(j) - 9*x(j). Is h(-2) prime?
False
Let d(j) = -4150*j + 82. Let k be d(-3). Suppose 0 = 8*r - 4*r - 16, -4*q + 4*r + k = 0. Is q composite?
False
Let v(a) be the first derivative of 4*a**3 - 5*a**2 + 11*a - 1. Suppose -3*r + 14 = -r. Is v(r) a prime number?
False
Let o = 26575 + 12466. Is o composite?
False
Suppose 0 = m + 7*m + 152. Let w(d) be the first derivative of -187*d**2/2 + 18*d + 40. Is w(m) composite?
False
Let d = -2401 - -114. Let b = 952 - d. Is b composite?
True
Suppose 5*u = -4*m - m, -4*u + 2*m = 0. Suppose 5*a - 10*a - 10 = u. Is (3/(-2) - a) + 4569/2 a prime number?
False
Suppose 3*z = -4*m + 182, m - z + 14 - 63 = 0. Suppose -3*a + 3*o + 2193 = 2*a, -5*a = -5*o - 2195. Let q = a - m. Is q a composite number?
True
Suppose 4*w + 6 = -2*b, -7*w - b = -2*w + 15. Let x(u) = -u**3 + 9*u + 14. Let j be x(w). Is (1 - 49/(-2))/(j/56) composite?
True
Is ((-3)/(-2))/(282700/35336 - 8) composite?
True
Is 296381694/1470*(1/(-3) + (-16)/(-3)) a composite number?
False
Let l be (-105)/(-140) + 349/(-8)*-138. Suppose -3*h = 2*o - 5720, 5*o + l = -4*h + 20328. Is o a composite number?
True
Let m(t) = -t - 12. Let k be m(23). Let w be (-56)/k - (-2)/5. Is (2 + 405/w)/(1/2) a prime number?
True
Suppose 0 = -m + 5*g - 2*g + 2, -2 = -m - 2*g. Suppose -m*o = 4*t - 4712, -2*o - o + 7089 = -t. Is o a prime number?
False
Let r be (-576 + 3)/((-9)/12 - 0). Suppose 4*b = 2*b + r. Let v = b + -17. Is v prime?
False
Suppose -53337 = 36*m - 59*m. Is m prime?
False
Let l(u) = -181*u**2 - 17*u - 37. Let i be l(-4). Let h = 9682 + i. Is h a prime number?
False
Suppose 320*h = 325*h - 20. Suppose 21883 = c - 4*o, -4*c + 20931 = h*o - 66541. Is c composite?
False
Let o = 344696 + -160935. Is o a composite number?
False
Let u(w) = w**3 - w**2 - 36*w - 31. Let n(z) = -z**2 - 2*z + 1. Let k(r) = -5*n(r) + u(r). Is k(23) composite?
False
Let j = 175 + -175. Suppose 2*i - 2*t = -i + 885, j = -2*i + 2*t + 592. Is i prime?
True
Let v(k) = 22*k - 21. Let w(j) = 23*j - 21. Let g(b) = -6*v(b) + 5*w(b). Let y be -10 + (-1 - (0 - 1)). Is g(y) a prime number?
True
Suppose -4*l + 9*l = -5*s + 7250, -l = -s + 1460. Suppose -2*b - q = 1689, 2060 - 376 = -2*b + 4*q. Let g = s + b. Is g a prime number?
False
Let u = -21 + 36. Suppose 0 = u*c - 10*c - 3415. Is c a composite number?
False
Suppose 2*f = -0*f + 124. Let s = f - -266. Let x = 621 - s. Is x prime?
True
Is (24/144*4)/(4/117462) prime?
True
Suppose 169*i - 33683482 = 71*i. Is i composite?
False
Let z(o) = -13*o**3 - 4*o**2 + 9*o - 6. Let l be z(7). Let r = l - -12153. Is r a prime number?
False
Let q(z) = 904*z**2 + 1. Let t be q(1). Suppose 4*o - 3*n = 1321, 3*o - 40*n = -41*n + 1007. Let j = t - o. Is j composite?
False
Suppose 0 = -2*u + 2, 4*a + u = -0*u + 85777. Suppose